{"id":28,"date":"2024-09-17T16:23:56","date_gmt":"2024-09-17T16:23:56","guid":{"rendered":"https:\/\/www.red2red.pl\/?page_id=28"},"modified":"2024-10-18T16:34:33","modified_gmt":"2024-10-18T16:34:33","slug":"home","status":"publish","type":"page","link":"https:\/\/www.red2red.pl\/","title":{"rendered":"Red 2 red &#8211; szkolenia z zakresu cyberbezpiecze\u0144stwa"},"content":{"rendered":"\t\t<div data-elementor-type=\"wp-page\" data-elementor-id=\"28\" class=\"elementor elementor-28\">\n\t\t\t\t<div class=\"elementor-element elementor-element-71d9e149 cyber-security-elementor-banner-section e-con-full e-grid e-con e-parent\" data-id=\"71d9e149\" data-element_type=\"container\" data-e-type=\"container\" data-settings=\"{&quot;background_background&quot;:&quot;classic&quot;}\">\n\t\t\t\t<div class=\"elementor-element elementor-element-68087d6 elementor-grid-eael-col-1 elementor-grid-tablet-eael-col-2 elementor-grid-mobile-eael-col-1 elementor-widget elementor-widget-eael-post-grid\" data-id=\"68087d6\" data-element_type=\"widget\" data-e-type=\"widget\" data-settings=\"{&quot;eael_post_grid_columns&quot;:&quot;eael-col-1&quot;,&quot;eael_post_grid_columns_tablet&quot;:&quot;eael-col-2&quot;,&quot;eael_post_grid_columns_mobile&quot;:&quot;eael-col-1&quot;}\" data-widget_type=\"eael-post-grid.default\">\n\t\t\t\t<div class=\"elementor-widget-container\">\n\t\t\t\t\t<div id=\"eael-post-grid-68087d6\" class=\"eael-post-grid-container\">\n            <div class=\"eael-post-grid eael-post-appender eael-post-appender-68087d6 eael-post-grid-style-one\" data-layout-mode=\"grid\"><article class=\"eael-grid-post  eael-post-grid-column eael-pg-post-339 category-uncategorized\" data-id=\"339\">\n        <div class=\"eael-grid-post-holder\">\n            <div class=\"eael-grid-post-holder-inner\"><div class=\"eael-entry-wrapper\"><header class=\"eael-entry-header\"><h2 class=\"eael-entry-title\"><a class=\"eael-grid-post-link\" href=\"https:\/\/www.red2red.pl\/?p=339\" title=\"\ud83c\udf84 \u017byczenia \u015awi\u0105teczne \ud83c\udf84\">\ud83c\udf84 \u017byczenia \u015awi\u0105teczne \ud83c\udf84<\/a><\/h2><\/header><div class=\"eael-entry-content\">\n                        <div class=\"eael-grid-post-excerpt\"><p>Z okazji nadchodz\u0105cych \u015awi\u0105t Bo\u017cego Narodzenia oraz Nowego Roku, pragniemy...<\/p><a href=\"https:\/\/www.red2red.pl\/?p=339\" class=\"eael-post-elements-readmore-btn\">wi\u0119cej<\/a><\/div>\n                    <\/div><\/div><\/div>\n        <\/div>\n    <\/article><article class=\"eael-grid-post  eael-post-grid-column eael-pg-post-332 category-uncategorized\" data-id=\"332\">\n        <div class=\"eael-grid-post-holder\">\n            <div class=\"eael-grid-post-holder-inner\"><div class=\"eael-entry-wrapper\"><header class=\"eael-entry-header\"><h2 class=\"eael-entry-title\"><a class=\"eael-grid-post-link\" href=\"https:\/\/www.red2red.pl\/?p=332\" title=\"Go\u015bcinnie w Radio Wroc\u0142aw\">Go\u015bcinnie w Radio Wroc\u0142aw<\/a><\/h2><\/header><div class=\"eael-entry-content\">\n                        <div class=\"eael-grid-post-excerpt\"><p>W czwartek 7 listopada nasz za\u0142o\u017cyciel Tomasz Wiertelak by\u0142 go\u015bciem...<\/p><a href=\"https:\/\/www.red2red.pl\/?p=332\" class=\"eael-post-elements-readmore-btn\">wi\u0119cej<\/a><\/div>\n                    <\/div><\/div><\/div>\n        <\/div>\n    <\/article><\/div>\n            <div class=\"clearfix\"><\/div>\n        <\/div>            <div class=\"eael-load-more-button-wrap eael-force-hide\">\n                <button class=\"eael-load-more-button\" id=\"eael-load-more-btn-68087d6\" data-widget-id=\"68087d6\" data-widget=\"68087d6\" data-page-id=\"28\" data-template=\"{&quot;dir&quot;:&quot;lite&quot;,&quot;file_name&quot;:&quot;one.php&quot;,&quot;name&quot;:&quot;Post-Grid&quot;}\" data-class=\"Essential_Addons_Elementor\\Elements\\Post_Grid\" data-layout=\"grid\" data-page=\"1\" data-args=\"orderby=date&amp;order=desc&amp;ignore_sticky_posts=1&amp;post_status=publish&amp;posts_per_page=2&amp;offset=0&amp;post_type=post\" data-max-page=\"2\">\n                    <span class=\"eael-btn-loader button__loader\"><\/span>\n                    <span class=\"eael_load_more_text\">Load More<\/span>\n                <\/button>\n            <\/div>\n            \t\t\t\t<\/div>\n\t\t\t\t<\/div>\n\t\t\t\t<div class=\"elementor-element elementor-element-6c68d11 elementor-widget__width-inherit elementor-widget-tablet__width-initial elementor-widget-mobile__width-initial elementor-widget elementor-widget-text-editor\" data-id=\"6c68d11\" data-element_type=\"widget\" data-e-type=\"widget\" data-widget_type=\"text-editor.default\">\n\t\t\t\t<div class=\"elementor-widget-container\">\n\t\t\t\t\t\t\t\t\t<p>Je\u015bli wydaje Ci si\u0119, \u017ce technologia rozwi\u0105\u017ce Twoje problemy bezpiecze\u0144stwa, to nie rozumiesz problem\u00f3w i nie rozumiesz technologii.<\/p>\t\t\t\t\t\t\t\t<\/div>\n\t\t\t\t<\/div>\n\t\t\t\t<\/div>\n\t\t<div class=\"elementor-element elementor-element-23776d7 e-grid e-con-boxed e-con e-parent\" data-id=\"23776d7\" data-element_type=\"container\" data-e-type=\"container\">\n\t\t\t\t\t<div class=\"e-con-inner\">\n\t\t\t\t<div class=\"elementor-element elementor-element-61fc392 elementor-widget elementor-widget-heading\" data-id=\"61fc392\" data-element_type=\"widget\" data-e-type=\"widget\" data-widget_type=\"heading.default\">\n\t\t\t\t<div class=\"elementor-widget-container\">\n\t\t\t\t\t<h2 class=\"elementor-heading-title elementor-size-default\">Nasi partnerzy<\/h2>\t\t\t\t<\/div>\n\t\t\t\t<\/div>\n\t\t\t\t\t<\/div>\n\t\t\t\t<\/div>\n\t\t<div class=\"elementor-element elementor-element-4dab1f8 e-grid e-con-boxed e-con e-parent\" data-id=\"4dab1f8\" data-element_type=\"container\" data-e-type=\"container\">\n\t\t\t\t\t<div class=\"e-con-inner\">\n\t\t\t\t<div class=\"elementor-element elementor-element-26cfb64 elementor-arrows-position-inside elementor-pagination-position-outside elementor-widget elementor-widget-image-carousel\" data-id=\"26cfb64\" data-element_type=\"widget\" data-e-type=\"widget\" data-settings=\"{&quot;slides_to_show&quot;:&quot;2&quot;,&quot;navigation&quot;:&quot;both&quot;,&quot;autoplay&quot;:&quot;yes&quot;,&quot;pause_on_hover&quot;:&quot;yes&quot;,&quot;pause_on_interaction&quot;:&quot;yes&quot;,&quot;autoplay_speed&quot;:5000,&quot;infinite&quot;:&quot;yes&quot;,&quot;speed&quot;:500}\" data-widget_type=\"image-carousel.default\">\n\t\t\t\t<div class=\"elementor-widget-container\">\n\t\t\t\t\t\t\t<div class=\"elementor-image-carousel-wrapper swiper\" role=\"region\" aria-roledescription=\"carousel\" aria-label=\"Karuzela obrazk\u00f3w\" dir=\"ltr\">\n\t\t\t<div class=\"elementor-image-carousel swiper-wrapper\" aria-live=\"off\">\n\t\t\t\t\t\t\t\t<div class=\"swiper-slide\" role=\"group\" aria-roledescription=\"slide\" aria-label=\"1 z 2\"><figure class=\"swiper-slide-inner\"><img decoding=\"async\" class=\"swiper-slide-image\" src=\"https:\/\/www.red2red.pl\/wp-content\/uploads\/2024\/10\/IC_Fundacja_Logo_Podstawowe.png-300x88.webp\" alt=\"IC_Fundacja_Logo_Podstawowe.png\" \/><\/figure><\/div><div class=\"swiper-slide\" role=\"group\" aria-roledescription=\"slide\" aria-label=\"2 z 2\"><figure class=\"swiper-slide-inner\"><img decoding=\"async\" class=\"swiper-slide-image\" src=\"https:\/\/www.red2red.pl\/wp-content\/uploads\/2024\/10\/ZDZ-logo-menu-1-300x65.png\" alt=\"ZDZ-logo-menu-1\" \/><\/figure><\/div>\t\t\t<\/div>\n\t\t\t\t\t\t\t\t\t\t\t\t<div class=\"elementor-swiper-button elementor-swiper-button-prev\" role=\"button\" tabindex=\"0\">\n\t\t\t\t\t\t<svg aria-hidden=\"true\" class=\"e-font-icon-svg e-eicon-chevron-left\" viewBox=\"0 0 1000 1000\" xmlns=\"http:\/\/www.w3.org\/2000\/svg\"><path d=\"M646 125C629 125 613 133 604 142L308 442C296 454 292 471 292 487 292 504 296 521 308 533L604 854C617 867 629 875 646 875 663 875 679 871 692 858 704 846 713 829 713 812 713 796 708 779 692 767L438 487 692 225C700 217 708 204 708 187 708 171 704 154 692 142 675 129 663 125 646 125Z\"><\/path><\/svg>\t\t\t\t\t<\/div>\n\t\t\t\t\t<div class=\"elementor-swiper-button elementor-swiper-button-next\" role=\"button\" tabindex=\"0\">\n\t\t\t\t\t\t<svg aria-hidden=\"true\" class=\"e-font-icon-svg e-eicon-chevron-right\" viewBox=\"0 0 1000 1000\" xmlns=\"http:\/\/www.w3.org\/2000\/svg\"><path d=\"M696 533C708 521 713 504 713 487 713 471 708 454 696 446L400 146C388 133 375 125 354 125 338 125 325 129 313 142 300 154 292 171 292 187 292 204 296 221 308 233L563 492 304 771C292 783 288 800 288 817 288 833 296 850 308 863 321 871 338 875 354 875 371 875 388 867 400 854L696 533Z\"><\/path><\/svg>\t\t\t\t\t<\/div>\n\t\t\t\t\n\t\t\t\t\t\t\t\t\t<div class=\"swiper-pagination\"><\/div>\n\t\t\t\t\t\t\t\t\t<\/div>\n\t\t\t\t\t\t<\/div>\n\t\t\t\t<\/div>\n\t\t\t\t\t<\/div>\n\t\t\t\t<\/div>\n\t\t\t\t<\/div>\n\t\t","protected":false},"excerpt":{"rendered":"<p>Ransomware w WFO\u015aiGW w Poznaniu W sobot\u0119 5 pa\u017adziernika Wojew\u00f3dzki Fundusz Ochrony \u015arodowiska i Gospodarki&#8230; wi\u0119cej Webinar NIS2 7 pa\u017adziernika [&hellip;]<\/p>\n","protected":false},"author":1,"featured_media":0,"parent":0,"menu_order":0,"comment_status":"closed","ping_status":"closed","template":"elementor_header_footer","meta":{"site-sidebar-layout":"no-sidebar","site-content-layout":"","ast-site-content-layout":"full-width-container","site-content-style":"default","site-sidebar-style":"unboxed","ast-global-header-display":"","ast-banner-title-visibility":"","ast-main-header-display":"","ast-hfb-above-header-display":"","ast-hfb-below-header-display":"","ast-hfb-mobile-header-display":"","site-post-title":"","ast-breadcrumbs-content":"","ast-featured-img":"","footer-sml-layout":"","ast-disable-related-posts":"","theme-transparent-header-meta":"default","adv-header-id-meta":"","stick-header-meta":"","header-above-stick-meta":"","header-main-stick-meta":"","header-below-stick-meta":"","astra-migrate-meta-layouts":"set","ast-page-background-enabled":"default","ast-page-background-meta":{"desktop":{"background-color":"var(--ast-global-color-4)","background-image":"","background-repeat":"repeat","background-position":"center center","background-size":"auto","background-attachment":"scroll","background-type":"","background-media":"","overlay-type":"","overlay-color":"","overlay-opacity":"","overlay-gradient":""},"tablet":{"background-color":"","background-image":"","background-repeat":"repeat","background-position":"center center","background-size":"auto","background-attachment":"scroll","background-type":"","background-media":"","overlay-type":"","overlay-color":"","overlay-opacity":"","overlay-gradient":""},"mobile":{"background-color":"","background-image":"","background-repeat":"repeat","background-position":"center center","background-size":"auto","background-attachment":"scroll","background-type":"","background-media":"","overlay-type":"","overlay-color":"","overlay-opacity":"","overlay-gradient":""}},"ast-content-background-meta":{"desktop":{"background-color":"var(--ast-global-color-5)","background-image":"","background-repeat":"repeat","background-position":"center center","background-size":"auto","background-attachment":"scroll","background-type":"","background-media":"","overlay-type":"","overlay-color":"","overlay-opacity":"","overlay-gradient":""},"tablet":{"background-color":"var(--ast-global-color-5)","background-image":"","background-repeat":"repeat","background-position":"center center","background-size":"auto","background-attachment":"scroll","background-type":"","background-media":"","overlay-type":"","overlay-color":"","overlay-opacity":"","overlay-gradient":""},"mobile":{"background-color":"var(--ast-global-color-5)","background-image":"","background-repeat":"repeat","background-position":"center center","background-size":"auto","background-attachment":"scroll","background-type":"","background-media":"","overlay-type":"","overlay-color":"","overlay-opacity":"","overlay-gradient":""}},"footnotes":""},"class_list":["post-28","page","type-page","status-publish","hentry"],"yoast_head":"<!-- This site is optimized with the Yoast SEO plugin v27.3 - https:\/\/yoast.com\/product\/yoast-seo-wordpress\/ -->\n<title>Red 2 red - szkolenia z zakresu cyberbezpiecze\u0144stwa -<\/title>\n<meta name=\"description\" content=\"Szkolenia z zakresu cyberbezpiecze\u0144stwa, zaprojektowane tak by wspom\u00f3c Twoj\u0105 organizacj\u0119 w budowaniu cyberodporno\u015bci.\" \/>\n<meta name=\"robots\" content=\"index, follow, max-snippet:-1, max-image-preview:large, max-video-preview:-1\" \/>\n<link rel=\"canonical\" href=\"https:\/\/www.red2red.pl\/\" \/>\n<meta property=\"og:locale\" content=\"pl_PL\" \/>\n<meta property=\"og:type\" content=\"article\" \/>\n<meta property=\"og:title\" content=\"Red 2 red - szkolenia z zakresu cyberbezpiecze\u0144stwa -\" \/>\n<meta property=\"og:description\" content=\"Szkolenia z zakresu cyberbezpiecze\u0144stwa, zaprojektowane tak by wspom\u00f3c Twoj\u0105 organizacj\u0119 w budowaniu cyberodporno\u015bci.\" \/>\n<meta property=\"og:url\" content=\"https:\/\/www.red2red.pl\/\" \/>\n<meta property=\"article:modified_time\" content=\"2024-10-18T16:34:33+00:00\" \/>\n<meta property=\"og:image\" content=\"https:\/\/www.red2red.pl\/wp-content\/uploads\/2024\/10\/IC_Fundacja_Logo_Podstawowe.png-300x88.webp\" \/>\n<meta name=\"twitter:card\" content=\"summary_large_image\" \/>\n<meta name=\"twitter:label1\" content=\"Szacowany czas czytania\" \/>\n\t<meta name=\"twitter:data1\" content=\"2 minuty\" \/>\n<script type=\"application\/ld+json\" class=\"yoast-schema-graph\">{\"@context\":\"https:\\\/\\\/schema.org\",\"@graph\":[{\"@type\":\"WebPage\",\"@id\":\"https:\\\/\\\/www.red2red.pl\\\/\",\"url\":\"https:\\\/\\\/www.red2red.pl\\\/\",\"name\":\"Red 2 red - szkolenia z zakresu cyberbezpiecze\u0144stwa -\",\"isPartOf\":{\"@id\":\"https:\\\/\\\/www.red2red.pl\\\/#website\"},\"primaryImageOfPage\":{\"@id\":\"https:\\\/\\\/www.red2red.pl\\\/#primaryimage\"},\"image\":{\"@id\":\"https:\\\/\\\/www.red2red.pl\\\/#primaryimage\"},\"thumbnailUrl\":\"https:\\\/\\\/www.red2red.pl\\\/wp-content\\\/uploads\\\/2024\\\/10\\\/IC_Fundacja_Logo_Podstawowe.png-300x88.webp\",\"datePublished\":\"2024-09-17T16:23:56+00:00\",\"dateModified\":\"2024-10-18T16:34:33+00:00\",\"description\":\"Szkolenia z zakresu cyberbezpiecze\u0144stwa, zaprojektowane tak by wspom\u00f3c Twoj\u0105 organizacj\u0119 w budowaniu cyberodporno\u015bci.\",\"breadcrumb\":{\"@id\":\"https:\\\/\\\/www.red2red.pl\\\/#breadcrumb\"},\"inLanguage\":\"pl-PL\",\"potentialAction\":[{\"@type\":\"ReadAction\",\"target\":[\"https:\\\/\\\/www.red2red.pl\\\/\"]}]},{\"@type\":\"ImageObject\",\"inLanguage\":\"pl-PL\",\"@id\":\"https:\\\/\\\/www.red2red.pl\\\/#primaryimage\",\"url\":\"https:\\\/\\\/www.red2red.pl\\\/wp-content\\\/uploads\\\/2024\\\/10\\\/IC_Fundacja_Logo_Podstawowe.png-300x88.webp\",\"contentUrl\":\"https:\\\/\\\/www.red2red.pl\\\/wp-content\\\/uploads\\\/2024\\\/10\\\/IC_Fundacja_Logo_Podstawowe.png-300x88.webp\"},{\"@type\":\"BreadcrumbList\",\"@id\":\"https:\\\/\\\/www.red2red.pl\\\/#breadcrumb\",\"itemListElement\":[{\"@type\":\"ListItem\",\"position\":1,\"name\":\"Strona g\u0142\u00f3wna\",\"item\":\"https:\\\/\\\/www.red2red.pl\\\/\"},{\"@type\":\"ListItem\",\"position\":2,\"name\":\"Red 2 red &#8211; szkolenia z zakresu cyberbezpiecze\u0144stwa\"}]},{\"@type\":\"WebSite\",\"@id\":\"https:\\\/\\\/www.red2red.pl\\\/#website\",\"url\":\"https:\\\/\\\/www.red2red.pl\\\/\",\"name\":\"\",\"description\":\"\",\"potentialAction\":[{\"@type\":\"SearchAction\",\"target\":{\"@type\":\"EntryPoint\",\"urlTemplate\":\"https:\\\/\\\/www.red2red.pl\\\/?s={search_term_string}\"},\"query-input\":{\"@type\":\"PropertyValueSpecification\",\"valueRequired\":true,\"valueName\":\"search_term_string\"}}],\"inLanguage\":\"pl-PL\"}]}<\/script>\n<!-- \/ Yoast SEO plugin. -->","yoast_head_json":{"title":"Red 2 red - szkolenia z zakresu cyberbezpiecze\u0144stwa -","description":"Szkolenia z zakresu cyberbezpiecze\u0144stwa, zaprojektowane tak by wspom\u00f3c Twoj\u0105 organizacj\u0119 w budowaniu cyberodporno\u015bci.","robots":{"index":"index","follow":"follow","max-snippet":"max-snippet:-1","max-image-preview":"max-image-preview:large","max-video-preview":"max-video-preview:-1"},"canonical":"https:\/\/www.red2red.pl\/","og_locale":"pl_PL","og_type":"article","og_title":"Red 2 red - szkolenia z zakresu cyberbezpiecze\u0144stwa -","og_description":"Szkolenia z zakresu cyberbezpiecze\u0144stwa, zaprojektowane tak by wspom\u00f3c Twoj\u0105 organizacj\u0119 w budowaniu cyberodporno\u015bci.","og_url":"https:\/\/www.red2red.pl\/","article_modified_time":"2024-10-18T16:34:33+00:00","og_image":[{"url":"https:\/\/www.red2red.pl\/wp-content\/uploads\/2024\/10\/IC_Fundacja_Logo_Podstawowe.png-300x88.webp","type":"","width":"","height":""}],"twitter_card":"summary_large_image","twitter_misc":{"Szacowany czas czytania":"2 minuty"},"schema":{"@context":"https:\/\/schema.org","@graph":[{"@type":"WebPage","@id":"https:\/\/www.red2red.pl\/","url":"https:\/\/www.red2red.pl\/","name":"Red 2 red - szkolenia z zakresu cyberbezpiecze\u0144stwa -","isPartOf":{"@id":"https:\/\/www.red2red.pl\/#website"},"primaryImageOfPage":{"@id":"https:\/\/www.red2red.pl\/#primaryimage"},"image":{"@id":"https:\/\/www.red2red.pl\/#primaryimage"},"thumbnailUrl":"https:\/\/www.red2red.pl\/wp-content\/uploads\/2024\/10\/IC_Fundacja_Logo_Podstawowe.png-300x88.webp","datePublished":"2024-09-17T16:23:56+00:00","dateModified":"2024-10-18T16:34:33+00:00","description":"Szkolenia z zakresu cyberbezpiecze\u0144stwa, zaprojektowane tak by wspom\u00f3c Twoj\u0105 organizacj\u0119 w budowaniu cyberodporno\u015bci.","breadcrumb":{"@id":"https:\/\/www.red2red.pl\/#breadcrumb"},"inLanguage":"pl-PL","potentialAction":[{"@type":"ReadAction","target":["https:\/\/www.red2red.pl\/"]}]},{"@type":"ImageObject","inLanguage":"pl-PL","@id":"https:\/\/www.red2red.pl\/#primaryimage","url":"https:\/\/www.red2red.pl\/wp-content\/uploads\/2024\/10\/IC_Fundacja_Logo_Podstawowe.png-300x88.webp","contentUrl":"https:\/\/www.red2red.pl\/wp-content\/uploads\/2024\/10\/IC_Fundacja_Logo_Podstawowe.png-300x88.webp"},{"@type":"BreadcrumbList","@id":"https:\/\/www.red2red.pl\/#breadcrumb","itemListElement":[{"@type":"ListItem","position":1,"name":"Strona g\u0142\u00f3wna","item":"https:\/\/www.red2red.pl\/"},{"@type":"ListItem","position":2,"name":"Red 2 red &#8211; szkolenia z zakresu cyberbezpiecze\u0144stwa"}]},{"@type":"WebSite","@id":"https:\/\/www.red2red.pl\/#website","url":"https:\/\/www.red2red.pl\/","name":"","description":"","potentialAction":[{"@type":"SearchAction","target":{"@type":"EntryPoint","urlTemplate":"https:\/\/www.red2red.pl\/?s={search_term_string}"},"query-input":{"@type":"PropertyValueSpecification","valueRequired":true,"valueName":"search_term_string"}}],"inLanguage":"pl-PL"}]}},"_links":{"self":[{"href":"https:\/\/www.red2red.pl\/index.php?rest_route=\/wp\/v2\/pages\/28","targetHints":{"allow":["GET"]}}],"collection":[{"href":"https:\/\/www.red2red.pl\/index.php?rest_route=\/wp\/v2\/pages"}],"about":[{"href":"https:\/\/www.red2red.pl\/index.php?rest_route=\/wp\/v2\/types\/page"}],"author":[{"embeddable":true,"href":"https:\/\/www.red2red.pl\/index.php?rest_route=\/wp\/v2\/users\/1"}],"replies":[{"embeddable":true,"href":"https:\/\/www.red2red.pl\/index.php?rest_route=%2Fwp%2Fv2%2Fcomments&post=28"}],"version-history":[{"count":72,"href":"https:\/\/www.red2red.pl\/index.php?rest_route=\/wp\/v2\/pages\/28\/revisions"}],"predecessor-version":[{"id":327,"href":"https:\/\/www.red2red.pl\/index.php?rest_route=\/wp\/v2\/pages\/28\/revisions\/327"}],"wp:attachment":[{"href":"https:\/\/www.red2red.pl\/index.php?rest_route=%2Fwp%2Fv2%2Fmedia&parent=28"}],"curies":[{"name":"wp","href":"https:\/\/api.w.org\/{rel}","templated":true}]}}